{"id":1486,"date":"2024-07-19T14:47:25","date_gmt":"2024-07-19T14:47:25","guid":{"rendered":"https:\/\/www.fpce.up.pt\/resil-sc-ience\/?page_id=1486"},"modified":"2024-07-19T16:10:38","modified_gmt":"2024-07-19T16:10:38","slug":"agradecimentos","status":"publish","type":"page","link":"https:\/\/www.fpce.up.pt\/resil-sc-ience\/agradecimentos\/","title":{"rendered":"Agradecimentos"},"content":{"rendered":"\t\t<div data-elementor-type=\"wp-page\" data-elementor-id=\"1486\" class=\"elementor elementor-1486\" data-elementor-post-type=\"page\">\n\t\t\t\t<div class=\"has_eae_slider elementor-element elementor-element-3da20d7c e-flex e-con-boxed e-con e-parent\" data-eae-slider=\"62602\" data-id=\"3da20d7c\" data-element_type=\"container\" data-e-type=\"container\">\n\t\t\t\t\t<div class=\"e-con-inner\">\n\t\t\t\t<div class=\"elementor-element elementor-element-2b3beca1 elementor-widget elementor-widget-text-editor\" data-id=\"2b3beca1\" data-element_type=\"widget\" data-e-type=\"widget\" data-widget_type=\"text-editor.default\">\n\t\t\t\t<div class=\"elementor-widget-container\">\n\t\t\t\t\t\t\t\t\t<p>O projeto Resil(sc)ience segue uma estrat\u00e9gia participativa e interdisciplinar em que colaboram pessoas de diferentes \u00e1reas e backgrounds.\u00a0<\/p>\t\t\t\t\t\t\t\t<\/div>\n\t\t\t\t<\/div>\n\t\t\t\t<div class=\"elementor-element elementor-element-1aa726a3 elementor-widget elementor-widget-text-editor\" data-id=\"1aa726a3\" data-element_type=\"widget\" data-e-type=\"widget\" data-widget_type=\"text-editor.default\">\n\t\t\t\t<div class=\"elementor-widget-container\">\n\t\t\t\t\t\t\t\t\t<p><\/p>\n<p><b>Eduarda Lima<\/b>, estudante FPCEUP<\/p>\n<p><strong>Bruno Moura<\/strong>, estudante FPCEUP<\/p>\n<p><strong>Servi\u00e7o de Comunica\u00e7\u00e3o e Imagem<\/strong>, FPCEUP<\/p>\n<p>\u00a0<\/p>\n<p><\/p>\t\t\t\t\t\t\t\t<\/div>\n\t\t\t\t<\/div>\n\t\t\t\t\t<\/div>\n\t\t\t\t<\/div>\n\t\t\t\t<\/div>\n\t\t","protected":false},"excerpt":{"rendered":"<p>O projeto Resil(sc)ience segue uma estrat\u00e9gia participativa e interdisciplinar em que colaboram pessoas de diferentes \u00e1reas e backgrounds.\u00a0 Eduarda Lima, estudante FPCEUP Bruno Moura, estudante FPCEUP Servi\u00e7o de Comunica\u00e7\u00e3o e Imagem, FPCEUP \u00a0<\/p>\n","protected":false},"author":1930,"featured_media":0,"parent":0,"menu_order":0,"comment_status":"closed","ping_status":"closed","template":"","meta":{"footnotes":""},"class_list":["post-1486","page","type-page","status-publish","hentry","post"],"_links":{"self":[{"href":"https:\/\/www.fpce.up.pt\/resil-sc-ience\/wp-json\/wp\/v2\/pages\/1486","targetHints":{"allow":["GET"]}}],"collection":[{"href":"https:\/\/www.fpce.up.pt\/resil-sc-ience\/wp-json\/wp\/v2\/pages"}],"about":[{"href":"https:\/\/www.fpce.up.pt\/resil-sc-ience\/wp-json\/wp\/v2\/types\/page"}],"author":[{"embeddable":true,"href":"https:\/\/www.fpce.up.pt\/resil-sc-ience\/wp-json\/wp\/v2\/users\/1930"}],"replies":[{"embeddable":true,"href":"https:\/\/www.fpce.up.pt\/resil-sc-ience\/wp-json\/wp\/v2\/comments?post=1486"}],"version-history":[{"count":10,"href":"https:\/\/www.fpce.up.pt\/resil-sc-ience\/wp-json\/wp\/v2\/pages\/1486\/revisions"}],"predecessor-version":[{"id":1572,"href":"https:\/\/www.fpce.up.pt\/resil-sc-ience\/wp-json\/wp\/v2\/pages\/1486\/revisions\/1572"}],"wp:attachment":[{"href":"https:\/\/www.fpce.up.pt\/resil-sc-ience\/wp-json\/wp\/v2\/media?parent=1486"}],"curies":[{"name":"wp","href":"https:\/\/api.w.org\/{rel}","templated":true}]}}