{"id":255,"date":"2019-12-05T10:39:37","date_gmt":"2019-12-05T10:39:37","guid":{"rendered":"http:\/\/wp.up.pt\/reunirmaisfpceuppt\/?page_id=255"},"modified":"2025-09-29T10:07:11","modified_gmt":"2025-09-29T10:07:11","slug":"projeto-perda-gestacional","status":"publish","type":"page","link":"https:\/\/www.fpce.up.pt\/resil-sc-ience\/","title":{"rendered":"Projeto"},"content":{"rendered":"\t\t<div data-elementor-type=\"wp-page\" data-elementor-id=\"255\" class=\"elementor elementor-255\" data-elementor-post-type=\"page\">\n\t\t\t\t<div class=\"has_eae_slider elementor-element elementor-element-5eacf7b1 e-flex e-con-boxed e-con e-parent\" data-eae-slider=\"1748\" data-id=\"5eacf7b1\" data-element_type=\"container\" data-e-type=\"container\">\n\t\t\t\t\t<div class=\"e-con-inner\">\n\t\t\t\t<div class=\"elementor-element elementor-element-7b473394 elementor-widget elementor-widget-text-editor\" data-id=\"7b473394\" data-element_type=\"widget\" data-e-type=\"widget\" data-widget_type=\"text-editor.default\">\n\t\t\t\t<div class=\"elementor-widget-container\">\n\t\t\t\t\t\t\t\t\t<p><\/p>\n<p><em>Porqu\u00ea tratar as pessoas para depois as devolver \u00e0s condi\u00e7\u00f5es que as adoeceram?<\/em><\/p><p><em><\/em>(Marmot, 2015, p. 1)<\/p>\n<p><\/p>\t\t\t\t\t\t\t\t<\/div>\n\t\t\t\t<\/div>\n\t\t\t\t\t<\/div>\n\t\t\t\t<\/div>\n\t\t<div class=\"has_eae_slider elementor-element elementor-element-d8452e7 e-flex e-con-boxed e-con e-parent\" data-eae-slider=\"36281\" data-id=\"d8452e7\" data-element_type=\"container\" data-e-type=\"container\">\n\t\t\t\t\t<div class=\"e-con-inner\">\n\t\t\t\t<div class=\"elementor-element elementor-element-2e78327 elementor-widget elementor-widget-text-editor\" data-id=\"2e78327\" data-element_type=\"widget\" data-e-type=\"widget\" data-widget_type=\"text-editor.default\">\n\t\t\t\t<div class=\"elementor-widget-container\">\n\t\t\t\t\t\t\t\t\t\n<p>Se nos perguntassem como poderemos descrever este projeto dir\u00edamos que se trata de um compromisso com as pessoas que em algum momento das suas vidas se viram a bra\u00e7os com o sofrimento. Este \u00e9 um projeto de investiga\u00e7\u00e3o que pretende juntar pessoas no mesmo espa\u00e7o a debater e encontrar solu\u00e7\u00f5es para que as respostas sejam mais efetivas, e para que se reduzam as desigualdades que nos adoecem. Este projecto \u00e9 tamb\u00e9m um compromisso com o desenvolvimento de uma ci\u00eancia que n\u00e3o reduza, mas que amplie e que inclua, e se responsabilize e nos responsabilize.<\/p>\n\t\t\t\t\t\t\t\t<\/div>\n\t\t\t\t<\/div>\n\t\t\t\t\t<\/div>\n\t\t\t\t<\/div>\n\t\t<div class=\"has_eae_slider elementor-element elementor-element-d5f3935 e-flex e-con-boxed e-con e-parent\" data-eae-slider=\"56301\" data-id=\"d5f3935\" data-element_type=\"container\" data-e-type=\"container\">\n\t\t\t\t\t<div class=\"e-con-inner\">\n\t\t\t\t<div class=\"elementor-element elementor-element-3d16f5b elementor-widget elementor-widget-heading\" data-id=\"3d16f5b\" data-element_type=\"widget\" data-e-type=\"widget\" data-widget_type=\"heading.default\">\n\t\t\t\t<div class=\"elementor-widget-container\">\n\t\t\t\t\t<h2 class=\"elementor-heading-title elementor-size-default\">Vale a pena espreitar!<\/h2>\t\t\t\t<\/div>\n\t\t\t\t<\/div>\n\t\t\t\t\t<\/div>\n\t\t\t\t<\/div>\n\t\t<div class=\"has_eae_slider elementor-element elementor-element-3a35bed e-flex e-con-boxed e-con e-parent\" data-eae-slider=\"76290\" data-id=\"3a35bed\" data-element_type=\"container\" data-e-type=\"container\">\n\t\t\t\t\t<div class=\"e-con-inner\">\n\t\t<div class=\"has_eae_slider elementor-element elementor-element-ff68d17 e-con-full e-flex e-con e-child\" data-eae-slider=\"97794\" data-id=\"ff68d17\" data-element_type=\"container\" data-e-type=\"container\">\n\t\t\t\t<div class=\"elementor-element elementor-element-617db67 elementor-widget elementor-widget-image\" data-id=\"617db67\" data-element_type=\"widget\" data-e-type=\"widget\" data-widget_type=\"image.default\">\n\t\t\t\t<div class=\"elementor-widget-container\">\n\t\t\t\t\t\t\t\t\t\t\t\t\t\t\t<img fetchpriority=\"high\" decoding=\"async\" width=\"720\" height=\"365\" src=\"https:\/\/www.fpce.up.pt\/resil-sc-ience\/wp-content\/uploads\/sites\/1031\/2025\/09\/Image-2-1024x519.jpg\" class=\"attachment-large size-large wp-image-2153\" alt=\"\" srcset=\"https:\/\/www.fpce.up.pt\/resil-sc-ience\/wp-content\/uploads\/sites\/1031\/2025\/09\/Image-2-1024x519.jpg 1024w, https:\/\/www.fpce.up.pt\/resil-sc-ience\/wp-content\/uploads\/sites\/1031\/2025\/09\/Image-2-300x152.jpg 300w, https:\/\/www.fpce.up.pt\/resil-sc-ience\/wp-content\/uploads\/sites\/1031\/2025\/09\/Image-2-768x389.jpg 768w, https:\/\/www.fpce.up.pt\/resil-sc-ience\/wp-content\/uploads\/sites\/1031\/2025\/09\/Image-2.jpg 1280w\" sizes=\"(max-width: 720px) 100vw, 720px\" \/>\t\t\t\t\t\t\t\t\t\t\t\t\t\t\t<\/div>\n\t\t\t\t<\/div>\n\t\t\t\t<div class=\"elementor-element elementor-element-a84cea6 elementor-widget elementor-widget-text-editor\" data-id=\"a84cea6\" data-element_type=\"widget\" data-e-type=\"widget\" data-widget_type=\"text-editor.default\">\n\t\t\t\t<div class=\"elementor-widget-container\">\n\t\t\t\t\t\t\t\t\t<p><strong>Setembro, 2025<\/strong><\/p>\n<p>Neste m\u00eas n\u00e3o h\u00e1 palavras nossas, para que as palavras deste artigo do New Yorker \u201c<i>Treating Gaza\u00b4s Collective Trauma<\/i>\u201d de\u00a0<b>Mohammed R. Mhawish<\/b>, ganhem espa\u00e7o e preencham sil\u00eancios. O trauma coletivo e continuado perpetuar-se-\u00e1 por gera\u00e7\u00f5es.\u00a0<\/p>\n<p><a href=\"https:\/\/www.newyorker.com\/news\/the-lede\/treating-gazas-collective-trauma\" target=\"_blank\" rel=\"noopener\">https:\/\/www.newyorker.com\/news\/the-lede\/treating-gazas-collective-trauma\u00a0<\/a><\/p>\t\t\t\t\t\t\t\t<\/div>\n\t\t\t\t<\/div>\n\t\t\t\t<div class=\"elementor-element elementor-element-bd91794 elementor-align-center elementor-widget elementor-widget-button\" data-id=\"bd91794\" data-element_type=\"widget\" data-e-type=\"widget\" data-widget_type=\"button.default\">\n\t\t\t\t<div class=\"elementor-widget-container\">\n\t\t\t\t\t\t\t\t\t<div class=\"elementor-button-wrapper\">\n\t\t\t\t\t<a class=\"elementor-button elementor-button-link elementor-size-sm\" href=\"https:\/\/www.fpce.up.pt\/resil-sc-ience\/vale-a-pena-espreitar\/\">\n\t\t\t\t\t\t<span class=\"elementor-button-content-wrapper\">\n\t\t\t\t\t\t\t\t\t<span class=\"elementor-button-text\">Saber Mais<\/span>\n\t\t\t\t\t<\/span>\n\t\t\t\t\t<\/a>\n\t\t\t\t<\/div>\n\t\t\t\t\t\t\t\t<\/div>\n\t\t\t\t<\/div>\n\t\t\t\t<\/div>\n\t\t<div class=\"has_eae_slider elementor-element elementor-element-0ff0ec0 e-con-full e-flex e-con e-child\" data-eae-slider=\"84402\" data-id=\"0ff0ec0\" data-element_type=\"container\" data-e-type=\"container\">\n\t\t\t\t<div class=\"elementor-element elementor-element-cf90ace elementor-widget__width-initial elementor-widget elementor-widget-image\" data-id=\"cf90ace\" data-element_type=\"widget\" data-e-type=\"widget\" data-widget_type=\"image.default\">\n\t\t\t\t<div class=\"elementor-widget-container\">\n\t\t\t\t\t\t\t\t\t\t\t\t\t\t\t<img decoding=\"async\" width=\"212\" height=\"300\" src=\"https:\/\/www.fpce.up.pt\/resil-sc-ience\/wp-content\/uploads\/sites\/1031\/2025\/07\/WHO-Mental-Health-1-212x300.jpg\" class=\"attachment-medium size-medium wp-image-2098\" alt=\"\" srcset=\"https:\/\/www.fpce.up.pt\/resil-sc-ience\/wp-content\/uploads\/sites\/1031\/2025\/07\/WHO-Mental-Health-1-212x300.jpg 212w, https:\/\/www.fpce.up.pt\/resil-sc-ience\/wp-content\/uploads\/sites\/1031\/2025\/07\/WHO-Mental-Health-1-724x1024.jpg 724w, https:\/\/www.fpce.up.pt\/resil-sc-ience\/wp-content\/uploads\/sites\/1031\/2025\/07\/WHO-Mental-Health-1-768x1086.jpg 768w, https:\/\/www.fpce.up.pt\/resil-sc-ience\/wp-content\/uploads\/sites\/1031\/2025\/07\/WHO-Mental-Health-1-1086x1536.jpg 1086w, https:\/\/www.fpce.up.pt\/resil-sc-ience\/wp-content\/uploads\/sites\/1031\/2025\/07\/WHO-Mental-Health-1.jpg 1190w\" sizes=\"(max-width: 212px) 100vw, 212px\" \/>\t\t\t\t\t\t\t\t\t\t\t\t\t\t\t<\/div>\n\t\t\t\t<\/div>\n\t\t\t\t<div class=\"elementor-element elementor-element-39c0f8a elementor-widget elementor-widget-text-editor\" data-id=\"39c0f8a\" data-element_type=\"widget\" data-e-type=\"widget\" data-widget_type=\"text-editor.default\">\n\t\t\t\t<div class=\"elementor-widget-container\">\n\t\t\t\t\t\t\t\t\t<p><strong>Agosto, 2025<\/strong><\/p>\n<p>Neste m\u00eas\u00a0o nosso destaque vai para o \u201c<i>Relat\u00f3rio mundial sobre a sa\u00fade mental |Transformar a Sa\u00fade Mental para todos\u201d<\/i>, publicado em 2022 pela Organiza\u00e7\u00e3o Mundial de Sa\u00fade.<\/p>\t\t\t\t\t\t\t\t<\/div>\n\t\t\t\t<\/div>\n\t\t\t\t<div class=\"elementor-element elementor-element-6413287 elementor-align-center elementor-widget elementor-widget-button\" data-id=\"6413287\" data-element_type=\"widget\" data-e-type=\"widget\" data-widget_type=\"button.default\">\n\t\t\t\t<div class=\"elementor-widget-container\">\n\t\t\t\t\t\t\t\t\t<div class=\"elementor-button-wrapper\">\n\t\t\t\t\t<a class=\"elementor-button elementor-button-link elementor-size-sm\" href=\"https:\/\/www.fpce.up.pt\/resil-sc-ience\/vale-a-pena-espreitar\/\">\n\t\t\t\t\t\t<span class=\"elementor-button-content-wrapper\">\n\t\t\t\t\t\t\t\t\t<span class=\"elementor-button-text\">Saber Mais<\/span>\n\t\t\t\t\t<\/span>\n\t\t\t\t\t<\/a>\n\t\t\t\t<\/div>\n\t\t\t\t\t\t\t\t<\/div>\n\t\t\t\t<\/div>\n\t\t\t\t<\/div>\n\t\t<div class=\"has_eae_slider elementor-element elementor-element-98e55aa e-con-full e-flex e-con e-child\" data-eae-slider=\"64891\" data-id=\"98e55aa\" data-element_type=\"container\" data-e-type=\"container\">\n\t\t\t\t<div class=\"elementor-element elementor-element-a2ded34 elementor-widget elementor-widget-image\" data-id=\"a2ded34\" data-element_type=\"widget\" data-e-type=\"widget\" data-widget_type=\"image.default\">\n\t\t\t\t<div class=\"elementor-widget-container\">\n\t\t\t\t\t\t\t\t\t\t\t\t\t\t\t<img decoding=\"async\" width=\"275\" height=\"183\" src=\"https:\/\/www.fpce.up.pt\/resil-sc-ience\/wp-content\/uploads\/sites\/1031\/2025\/06\/Pio-Abreu.jpg\" class=\"attachment-large size-large wp-image-2045\" alt=\"\" srcset=\"https:\/\/www.fpce.up.pt\/resil-sc-ience\/wp-content\/uploads\/sites\/1031\/2025\/06\/Pio-Abreu.jpg 275w, https:\/\/www.fpce.up.pt\/resil-sc-ience\/wp-content\/uploads\/sites\/1031\/2025\/06\/Pio-Abreu-272x182.jpg 272w\" sizes=\"(max-width: 275px) 100vw, 275px\" \/>\t\t\t\t\t\t\t\t\t\t\t\t\t\t\t<\/div>\n\t\t\t\t<\/div>\n\t\t\t\t<div class=\"elementor-element elementor-element-0574e3e elementor-widget elementor-widget-text-editor\" data-id=\"0574e3e\" data-element_type=\"widget\" data-e-type=\"widget\" data-widget_type=\"text-editor.default\">\n\t\t\t\t<div class=\"elementor-widget-container\">\n\t\t\t\t\t\t\t\t\t<p><strong>Julho, 2025<\/strong><\/p>\n<p>Jos\u00e9 Lu\u00eds Pio Abreu (1944-2025).\u00a0<\/p>\n<p>M\u00e9dico psiquiatra, investigador, docente e cidad\u00e3o preocupado com a causa p\u00fablica, o Professor Pio Abreu deixa-nos um legado inquestion\u00e1vel na forma como compreendemos o adoecer mental e os seus processos.<\/p>\t\t\t\t\t\t\t\t<\/div>\n\t\t\t\t<\/div>\n\t\t\t\t<div class=\"elementor-element elementor-element-ab8e84f elementor-align-center elementor-widget elementor-widget-button\" data-id=\"ab8e84f\" data-element_type=\"widget\" data-e-type=\"widget\" data-widget_type=\"button.default\">\n\t\t\t\t<div class=\"elementor-widget-container\">\n\t\t\t\t\t\t\t\t\t<div class=\"elementor-button-wrapper\">\n\t\t\t\t\t<a class=\"elementor-button elementor-button-link elementor-size-sm\" href=\"https:\/\/www.fpce.up.pt\/resil-sc-ience\/vale-a-pena-espreitar\/\">\n\t\t\t\t\t\t<span class=\"elementor-button-content-wrapper\">\n\t\t\t\t\t\t\t\t\t<span class=\"elementor-button-text\">Saber Mais<\/span>\n\t\t\t\t\t<\/span>\n\t\t\t\t\t<\/a>\n\t\t\t\t<\/div>\n\t\t\t\t\t\t\t\t<\/div>\n\t\t\t\t<\/div>\n\t\t\t\t<\/div>\n\t\t\t\t\t<\/div>\n\t\t\t\t<\/div>\n\t\t\t\t<\/div>\n\t\t","protected":false},"excerpt":{"rendered":"<p>Porqu\u00ea tratar as pessoas para depois as devolver \u00e0s condi\u00e7\u00f5es que as adoeceram? (Marmot, 2015, p. 1) Se nos perguntassem como poderemos descrever este projeto dir\u00edamos que se trata de um compromisso com as pessoas que em algum momento das suas vidas se viram a bra\u00e7os com o sofrimento. Este \u00e9 um projeto de investiga\u00e7\u00e3o [&hellip;]<\/p>\n","protected":false},"author":1103,"featured_media":0,"parent":0,"menu_order":0,"comment_status":"closed","ping_status":"closed","template":"","meta":{"footnotes":""},"class_list":["post-255","page","type-page","status-publish","hentry","post"],"_links":{"self":[{"href":"https:\/\/www.fpce.up.pt\/resil-sc-ience\/wp-json\/wp\/v2\/pages\/255","targetHints":{"allow":["GET"]}}],"collection":[{"href":"https:\/\/www.fpce.up.pt\/resil-sc-ience\/wp-json\/wp\/v2\/pages"}],"about":[{"href":"https:\/\/www.fpce.up.pt\/resil-sc-ience\/wp-json\/wp\/v2\/types\/page"}],"author":[{"embeddable":true,"href":"https:\/\/www.fpce.up.pt\/resil-sc-ience\/wp-json\/wp\/v2\/users\/1103"}],"replies":[{"embeddable":true,"href":"https:\/\/www.fpce.up.pt\/resil-sc-ience\/wp-json\/wp\/v2\/comments?post=255"}],"version-history":[{"count":111,"href":"https:\/\/www.fpce.up.pt\/resil-sc-ience\/wp-json\/wp\/v2\/pages\/255\/revisions"}],"predecessor-version":[{"id":2168,"href":"https:\/\/www.fpce.up.pt\/resil-sc-ience\/wp-json\/wp\/v2\/pages\/255\/revisions\/2168"}],"wp:attachment":[{"href":"https:\/\/www.fpce.up.pt\/resil-sc-ience\/wp-json\/wp\/v2\/media?parent=255"}],"curies":[{"name":"wp","href":"https:\/\/api.w.org\/{rel}","templated":true}]}}