{"id":729,"date":"2022-11-09T17:03:45","date_gmt":"2022-11-09T17:03:45","guid":{"rendered":"https:\/\/www.fpce.up.pt\/viienjie\/?page_id=729"},"modified":"2023-03-31T14:42:14","modified_gmt":"2023-03-31T14:42:14","slug":"programas","status":"publish","type":"page","link":"https:\/\/www.fpce.up.pt\/viienjie\/programas\/","title":{"rendered":"Programa"},"content":{"rendered":"\n<p><br><strong>J\u00e1 pode descarregar o Livro de Resumos do VII ENJIE (PDF):<br><a href=\"https:\/\/www.fpce.up.pt\/viienjie\/wp-content\/uploads\/sites\/965\/2023\/03\/LivroDeResumos_VIIENJIE_vff.pdf\" data-type=\"URL\" data-id=\"https:\/\/www.fpce.up.pt\/viienjie\/wp-content\/uploads\/sites\/965\/2023\/03\/LivroDeResumos_VIIENJIE_vff.pdf\">LIVRO DE RESUMOS<\/a><\/strong><\/p>\n\n\n\n<p><br><br><br><strong>PROGRAMA <\/strong><br><br><br><strong>3 de fevereiro, sexta-feira<\/strong><br><strong>FPCEUP<\/strong><br><br>08:00-09:00 \u2013 Rece\u00e7\u00e3o aos\/\u00e0s participantes <\/p>\n\n\n\n<p>09:00-09:30 \u2013 Sess\u00e3o de Abertura (<em>Audit\u00f3rio 2A<\/em>)<\/p>\n\n\n\n<ul class=\"wp-block-list\">\n<li>Pedro Nobre | Diretor da FPCEUP<\/li>\n\n\n\n<li>Jos\u00e9 Alexandre da Silva Pinto | Presidente da ESE\/IPP<\/li>\n\n\n\n<li>Isabel Menezes | Diretora do CIIE<\/li>\n\n\n\n<li>Manuela Sanches-Ferreira | Diretora do inED e co-coordenadora da Comiss\u00e3o Organizadora do VII ENJIE<\/li>\n<\/ul>\n\n\n\n<p>09:30-10:45 \u2013 Confer\u00eancia de Abertura: &#8220;<strong><em>Global Studies and Educational Reform: Elements for a constantly evolving research agenda<\/em><\/strong>&#8221; (<em>Audit\u00f3rio 2A<\/em>)<\/p>\n\n\n\n<ul class=\"wp-block-list\">\n<li><strong>Antoni Verger<\/strong> (Universitat Aut\u00f2noma de Barcelona, Departament de Sociologia, Espanha)<\/li>\n\n\n\n<li><em>Modera\u00e7\u00e3o<\/em>: Jo\u00e3o Caramelo (CIIE, Universidade do Porto)<\/li>\n<\/ul>\n\n\n\n<p>10:45-11:00 \u2013 <em>Coffee break<\/em><\/p>\n\n\n\n<p>11:00 &#8211; 12:30 \u2013 <a href=\"https:\/\/www.fpce.up.pt\/viienjie\/wp-content\/uploads\/sites\/965\/2023\/02\/ENJIE2023_ProgramaSessoesParalelas.pdf\">Sess\u00f5es paralelas<\/a><\/p>\n\n\n\n<p>12:30-14:00 \u2013 Pausa para almo\u00e7o<\/p>\n\n\n\n<p>14:00-15:30 \u2013 <a href=\"https:\/\/www.fpce.up.pt\/viienjie\/wp-content\/uploads\/sites\/965\/2023\/02\/ENJIE2023_ProgramaSessoesParalelas.pdf\">Sess\u00f5es paralelas<\/a><\/p>\n\n\n\n<p>15:30-16:00 \u2013 <a href=\"https:\/\/www.fpce.up.pt\/viienjie\/wp-content\/uploads\/sites\/965\/2023\/02\/ENJIE2023_ProgramaSessoesParalelas.pdf\">Sess\u00e3o de posters<\/a><\/p>\n\n\n\n<p>16:00-16:15 \u2013 <em>Coffee break<\/em><\/p>\n\n\n\n<p>16:15-17:30 \u2013 Mesa-Redonda &#8220;<strong><em>Desafios e Modelos para a Forma\u00e7\u00e3o de Professores no Atual Contexto: Contributos da investiga\u00e7\u00e3o em educa\u00e7\u00e3o<\/em><\/strong>&#8221;  (<em>Audit\u00f3rio 2A<\/em>)<\/p>\n\n\n\n<ul class=\"wp-block-list\">\n<li>Assun\u00e7\u00e3o Flores (CIEC, Universidade do Minho)<\/li>\n\n\n\n<li>Carlinda Leite (CIIE, Universidade do Porto)<\/li>\n\n\n\n<li>Jo\u00e3o Pedro da Ponte (UIDEF, Universidade de Lisboa)<\/li>\n\n\n\n<li>Lu\u00eds Sebasti\u00e3o (CIEP, Universidade de \u00c9vora)<\/li>\n\n\n\n<li>Nilza Costa (CIDTFF, Universidade de Aveiro)<\/li>\n\n\n\n<li><em>Modera\u00e7\u00e3o<\/em>: Am\u00e9lia Lopes (CIIE, Universidade do Porto)<\/li>\n<\/ul>\n\n\n\n<p>17:30-18:30 \u2013 Apresenta\u00e7\u00e3o do livro de atas da edi\u00e7\u00e3o anterior (VI ENJIE) e das revistas cient\u00edficas das institui\u00e7\u00f5es organizadoras do VII ENJIE  (<em>Audit\u00f3rio 2A<\/em>)<\/p>\n\n\n\n<ul class=\"wp-block-list\">\n<li>H\u00e9lia Pinto (CI&amp;DEI, Instituto Polit\u00e9cnico de Leiria) | Co-coordenadora do <em>Livro de Atas do VI ENJIE<\/em><\/li>\n\n\n\n<li>Sofia Marques da Silva (CIIE, Universidade do Porto) | Diretora da revista <em>Educa\u00e7\u00e3o, Sociedade &amp; Culturas<\/em><\/li>\n\n\n\n<li>Manuela Pessanha (inED, Instituto Polit\u00e9cnico do Porto) | Diretora da revista <em>Sensos-e<\/em><\/li>\n<\/ul>\n\n\n\n<p>20:00 \u2013 Jantar de conv\u00edvio e programa cultural<\/p>\n\n\n\n<p><br><br><strong>4 de fevereiro, s\u00e1bado<\/strong><br><strong>ESE\/IPP<\/strong><br><br>09:00-10:30 \u2013 <a href=\"https:\/\/www.fpce.up.pt\/viienjie\/wp-content\/uploads\/sites\/965\/2023\/02\/ENJIE2023_ProgramaSessoesParalelas.pdf\">Sess\u00f5es paralelas<\/a><\/p>\n\n\n\n<p>10:30-10:45 \u2013 <em>Coffee break<\/em><\/p>\n\n\n\n<p>10:45-12:00 \u2013 Mesa-Redonda &#8220;<em><strong>Investiga\u00e7\u00e3o em Educa\u00e7\u00e3o e Pol\u00edticas P\u00fablicas<\/strong><\/em>&#8221; (<em>Audit\u00f3rio<\/em>) <\/p>\n\n\n\n<ul class=\"wp-block-list\">\n<li>Lic\u00ednio Lima (CIEd, Universidade do Minho)<\/li>\n\n\n\n<li>Pedro Duarte (inED, Instituto Polit\u00e9cnico do Porto)<\/li>\n\n\n\n<li>Teresa Teixeira Lopo (CeiED, Universidade Lus\u00f3fona)<\/li>\n\n\n\n<li>Tiago Neves (CIIE, Universidade do Porto)<\/li>\n\n\n\n<li><em>Modera\u00e7\u00e3o<\/em>: Lu\u00eds Rothes (inED, Instituto Polit\u00e9cnico do Porto)<\/li>\n<\/ul>\n\n\n\n<p>12:00-13:15 \u2013 Confer\u00eancia de Encerramento: &#8220;<em><strong>Dire\u00e7\u00f5es para uma Investiga\u00e7\u00e3o Progressiva, Global e Relevante em Contextos Educativos<\/strong><\/em>&#8221; (<em>Audit\u00f3rio<\/em>)<\/p>\n\n\n\n<ul class=\"wp-block-list\">\n<li><strong>Susana Castro-Kemp <\/strong>(University College London, Institute of Education, Reino Unido) <\/li>\n\n\n\n<li><em>Modera\u00e7\u00e3o<\/em>: S\u00edlvia Barros (inED, Instituto Polit\u00e9cnico do Porto)<\/li>\n<\/ul>\n\n\n\n<p>13:15-13:30 \u2013 Sess\u00e3o de Encerramento (<em>Audit\u00f3rio<\/em>)<\/p>\n\n\n\n<ul class=\"wp-block-list\">\n<li>Jo\u00e3o Caramelo (CIIE, Universidade do Porto) | Co-coordenador da Comiss\u00e3o Organizadora do VII ENJIE<\/li>\n\n\n\n<li>Lu\u00eds Sebasti\u00e3o (CIEP, Universidade de \u00c9vora) | Conselho dos Centros em Ci\u00eancias e Pol\u00edticas da Educa\u00e7\u00e3o <\/li>\n<\/ul>\n\n\n\n<p><br><\/p>\n","protected":false},"excerpt":{"rendered":"<p>J\u00e1 pode descarregar o Livro de Resumos do VII ENJIE (PDF):LIVRO DE RESUMOS PROGRAMA 3 de fevereiro, sexta-feiraFPCEUP 08:00-09:00 \u2013 Rece\u00e7\u00e3o aos\/\u00e0s participantes 09:00-09:30 \u2013 Sess\u00e3o de Abertura (Audit\u00f3rio 2A) 09:30-10:45 \u2013 Confer\u00eancia de Abertura: &#8220;Global Studies and Educational Reform: Elements for a constantly evolving research agenda&#8221; (Audit\u00f3rio 2A) 10:45-11:00 \u2013 Coffee break 11:00 &#8211; [&hellip;]<\/p>\n","protected":false},"author":1103,"featured_media":0,"parent":0,"menu_order":5,"comment_status":"closed","ping_status":"closed","template":"","meta":{"footnotes":""},"class_list":["post-729","page","type-page","status-publish","hentry","post"],"_links":{"self":[{"href":"https:\/\/www.fpce.up.pt\/viienjie\/wp-json\/wp\/v2\/pages\/729","targetHints":{"allow":["GET"]}}],"collection":[{"href":"https:\/\/www.fpce.up.pt\/viienjie\/wp-json\/wp\/v2\/pages"}],"about":[{"href":"https:\/\/www.fpce.up.pt\/viienjie\/wp-json\/wp\/v2\/types\/page"}],"author":[{"embeddable":true,"href":"https:\/\/www.fpce.up.pt\/viienjie\/wp-json\/wp\/v2\/users\/1103"}],"replies":[{"embeddable":true,"href":"https:\/\/www.fpce.up.pt\/viienjie\/wp-json\/wp\/v2\/comments?post=729"}],"version-history":[{"count":36,"href":"https:\/\/www.fpce.up.pt\/viienjie\/wp-json\/wp\/v2\/pages\/729\/revisions"}],"predecessor-version":[{"id":1598,"href":"https:\/\/www.fpce.up.pt\/viienjie\/wp-json\/wp\/v2\/pages\/729\/revisions\/1598"}],"wp:attachment":[{"href":"https:\/\/www.fpce.up.pt\/viienjie\/wp-json\/wp\/v2\/media?parent=729"}],"curies":[{"name":"wp","href":"https:\/\/api.w.org\/{rel}","templated":true}]}}